divided by i(1).
12
Suppose 2*b - 17 = 3*b - 5*m, 35 = -3*b - m. Let w = b - -36. Suppose -q + 26 = q. Calculate the remainder when w is divided by q.
11
Suppose -2*c + 48 = -0*c. Suppose 0 = 6*b - 5*b - c. What is the remainder when 70 is divided by b?
22
Suppose 0 = j + 2*j + g, 0 = j + g. Suppose j*w + 15 = w. Calculate the remainder when w is divided by (3/6)/((-1)/(-16)).
7
What is the remainder when -5*3*(-3 + 1) is divided by (-1 - -2)/1*8?
6
Let q be (-116)/(-16) + (-2)/8. Let l = q + 7. Suppose -5*c + 6 = -l. Calculate the remainder when 11 is divided by c.
3
What is the remainder when (-1168)/(-9) + (-9)/((-162)/4) is divided by 12?
10
Let j = 8 - -34. What is the remainder when j is divided by 15?
12
Let b(z) = 5*z**2 - 2*z - 5. Let k be (-3 + 5)*15/(-10). Suppose -5*o = -2*t + 52, -4*t + o + 56 = 3*o. Calculate the remainder when b(k) is divided by t.
14
Let z(j) = -6*j + 1. Suppose 4*q = 21 - 5. Let o(c) = 19*c - 3. Let h(b) = q*o(b) + 14*z(b). Calculate the remainder when 34 is divided by h(-2).
16
Let u(p) = -7*p**2 - 1. Let i(l) = 20*l**2 + l + 3. Let d(c) = 3*i(c) + 8*u(c). Calculate the remainder when 32 is divided by d(-2).
10
Suppose l = -4*l + 135. Suppose -3*p - 10 + 52 = 0. Calculate the remainder when l is divided by p.
13
Suppose 4*o = 3*o - 4, -2*s = -3*o - 48. Calculate the remainder when 51 is divided by s.
15
Let m = -22 - -41. Calculate the remainder when m is divided by 4.
3
Let c be (-15)/(-10) - (-1)/(-2). Calculate the remainder when 55 is divided by 14 + c/2*0.
13
Let c = -6 - -15. Let o = -41 + 67. Calculate the remainder when o is divided by c.
8
Suppose -5*s + 5*i = -180, 0*s = 2*s - i - 77. Let x(z) = z**3 - z**2 - 4. Calculate the remainder when s is divided by x(3).
13
Suppose 0 = -3*p - p + 48. What is the remainder when 22 is divided by p?
10
Suppose -s = -10 - 15. Calculate the remainder when 49 is divided by s.
24
Let w(g) = g**2 + 2*g - 22. What is the remainder when w(-9) is divided by 21?
20
Let x(d) = d**3 - 4*d**2 - 15. What is the remainder when 27 is divided by x(5)?
7
Let w = -1 - -14. Suppose -d + t = -4 - 38, -144 = -4*d - 2*t. Calculate the remainder when d is divided by w.
12
Let h = 87 - 58. What is the remainder when h is divided by 10?
9
Let x(s) = s**3 - 2*s**2 + 7*s. Calculate the remainder when 96 is divided by x(3).
6
Suppose -2*i + 4 + 2 = 0. Suppose -i*m + 130 = -5*d, -2*m - 4*d - 221 = -7*m. What is the remainder when m is divided by 111/9 + (-3)/9?
9
Suppose -33 = -p + 5*n, -p - 7*n + 2*n = -43. Calculate the remainder when p is divided by 10.
8
Suppose -4*g + 25 = -7. Suppose n = 3*n - g. Suppose -l - 3 = 0, l = n*v + 4*l - 95. Calculate the remainder when v is divided by 14.
12
Suppose c + 1 + 3 = 0, -5*b - 12 = 3*c. Suppose -3*w + 2*w - s + 9 = 0, b = w + 5*s - 1. Calculate the remainder when 32 is divided by w.
10
Suppose 0*v = -5*v + 50. Calculate the remainder when 26 is divided by v.
6
What is the remainder when 38 is divided by 572/28 - 9/21?
18
Suppose -3*b + 0*b - 3*r = -21, -4 = 4*b - 4*r. Suppose o - f - 24 = 0, o - b*f - 48 = -o. What is the remainder when o is divided by -4 + 1 - -3 - -9?
6
Suppose -268 = -6*s - 16. Suppose 0 = -3*t + 5*t - 134. Suppose -2*p - 23 = -t. Calculate the remainder when s is divided by p.
20
Let m = 11 + -6. Suppose v - 21 = -2*d, -m*v = 2*d - v - 18. What is the remainder when d is divided by 4?
3
Suppose -2*n = 2, 2*j - 2*n = -5*n + 35. What is the remainder when j is divided by (1/2)/((-2)/(-40))?
9
Suppose w = 2*r - 260, 5*r - w = 666 - 13. Calculate the remainder when r is divided by 33.
32
Let w(k) = -k + 9. Let y be w(5). Suppose 0*g + 4*a - 72 = -3*g, y*a + 124 = 4*g. Calculate the remainder when 83 is divided by g.
27
Let l(b) be the first derivative of b**2/2 + 3*b + 4. Calculate the remainder when 29 is divided by l(7).
9
Let n = -36 + 54. What is the remainder when n is divided by 8?
2
Suppose -4*c = -4*b + 200, -2*b - 2*b + 191 = 5*c. Calculate the remainder when b is divided by 17.
15
Let h be 4/((-4)/2) - 3. Let f(y) = -y**3 - 4*y**2 + 4*y - 7. Let k be f(h). Let g = 7 + k. Calculate the remainder when g is divided by 2.
1
Suppose -3*r + g + 97 = 0, 2*r + 39 - 113 = -4*g. What is the remainder when r is divided by 12?
9
Let w(n) = -n**2 + 7*n + 1. Let z = 36 + 3. Suppose 0 = -3*x - 3 + z. What is the remainder when x is divided by w(6)?
5
Let d(v) = 2*v + 5. Let k(p) = -1. Let g(i) = d(i) + 2*k(i). Let l(n) = n**3 + 8*n**2 + 5*n - 3. What is the remainder when g(9) is divided by l(-7)?
10
Let i(v) = 5*v**2 - 6*v + 6. Let r = 57 + -39. What is the remainder when r is divided by i(1)?
3
Suppose -3*r + 2*t = -r - 18, 4*r + 2*t = 36. Let y = -386 + 594. Calculate the remainder when y/(-12)*3/(-2) is divided by r.
8
Let n(y) = 4*y**2 + 4*y + 3. Calculate the remainder when 9 is divided by n(-1).
0
Suppose 4*q - 27 = 3*g, 4*q + 2*g - 5 = -q. What is the remainder when 10 is divided by q?
1
Suppose 308 = -0*y + 4*y. Calculate the remainder when y is divided by -16*(7/4 - 3).
17
Suppose -7*b - 46 = -2*u - 5*b, -4*b = u + 2. Let y be (-1)/(-1 + 1 + 1). Let r(o) = -9*o**3 + 1. Calculate the remainder when u is divided by r(y).
8
Suppose -2*j + 2 - 8 = n, 10 = 3*n - j. Suppose 0 = -0*y - n*y + 2. Calculate the remainder when (-54)/(3*-1) + y is divided by 10.
9
Let x = 14 + -12. Suppose -18 = -2*u - 3*n, x*u - 7*u + 4*n = -45. Calculate the remainder when u is divided by 6.
3
Let c be (4 + -2)*2/(-4). Calculate the remainder when 19 is divided by c + 2 + 20/2.
8
Let u = 11 - 15. Let q = 5 + u. Calculate the remainder when -1 + -3 + 3 + 4 is divided by q.
0
Suppose w + 4 = 3*w. Let b = 0 + -1. Let v = w + b. What is the remainder when 1 is divided by v?
0
Suppose m + 39 = 4*u - 0*m, -15 = -u - 5*m. What is the remainder when ((-3330)/66)/(-3) - (-2)/11 is divided by u?
7
Suppose 0 = -3*u + 5*g + 4, g = 5*u + 3*g - 17. Suppose u*p - 4*p - 3*i = -71, p + 4*i - 75 = 0. What is the remainder when p is divided by 20?
19
Let m(u) = -u**3 + 8*u**2 - 7*u + 4. Let l(f) = 6 + 3*f - 5*f + 2*f + f. Let s be l(0). What is the remainder when m(s) is divided by 9?
7
Let t(f) = f**2 + 9*f + 11. Let v = 46 - 26. What is the remainder when v is divided by t(-9)?
9
Suppose 0 = m - 6. What is the remainder when m is divided by 6?
0
Let t = 21 - 16. Let k = t - -6. Calculate the remainder when k is divided by (1 - 1)/2 + 6.
5
Let n be (-2)/(-3) - 2396/(-6). Suppose n = -3*c + 8*c. Suppose 0*o + 5*o = c. Calculate the remainder when 30 is divided by o.
14
Let c(s) = s**3 + 3*s**2 - 4*s - 2. Let u(d) = d**3 - 5*d**2 - 6*d - 3. Let i = -7 + 13. Let j be u(i). Calculate the remainder when 18 is divided by c(j).
8
Suppose 3*s + 0*s + 4*g = 70, 5*s + 4*g - 106 = 0. Calculate the remainder when 4*(0 + (-35)/(-4)) is divided by s.
17
Let a = 153 - 99. What is the remainder when 212 is divided by a?
50
Let b(d) = d**3 + 7*d**2 + 6*d + 9. Let o be 6/(-9) - 24/(-9). Let s(i) = -3*i**2 + 2*i + 2. Let m be s(o). What is the remainder when b(m) is divided by 6?
3
Let s(w) = -3*w**2 + 4*w + 3. Let a(d) = 16*d**2 - 19*d - 14. Let u(i) = 2*a(i) + 11*s(i). Let b = -5 + 8. What is the remainder when u(6) is divided by b?
2
Let p(a) = a**2 + 6*a - 5. Let k be p(5). Suppose 0 = 5*g - 50 - k. Calculate the remainder when 58 is divided by g.
18
Let r = 379 + -206. What is the remainder when r is divided by 36?
29
Let j = -38 - -55. Suppose -53 = -4*g - 13. What is the remainder when j is divided by g?
7
Suppose 5*v - 3*r = 34, v = -5*r - 3 - 7. What is the remainder when v is divided by 2?
1
Let o be 14/21*(-63)/(-1). Let t = o - 16. Let w = -13 - -27. What is the remainder when t is divided by w?
12
Suppose k - 3*k = -110. Calculate the remainder when k is divided by 29.
26
Suppose 20 = 2*y - z, 50 = 2*y + 3*y - 5*z. What is the remainder when 10 is divided by y?
0
Calculate the remainder when 58 is divided by 214/14 - (-40)/(-140).
13
Suppose 0*k - 172 = -4*f - 4*k, -81 = -2*f - k. What is the remainder when f is divided by 1/(2/(-20))*-2?
18
Let i(m) = m**2 - 19*m + 39. Suppose 0 = -l - 5 + 15. What is the remainder when i(19) is divided by l?
9
Let k be (44/3)/((-6)/27). Let h = k - -93. What is the remainder when 52 is divided by h?
25
Let i(o) = o**2 + 18*o + 10. L